what is 6214bb + -8?
6214b3
In base 4, what is -132 + -133223222?
-133230020
In base 5, what is -133 + -221410224?
-221410412
In base 5, what is -12 - 3324433201?
-3324433213
In base 9, what is 11155 + -487?
10557
In base 16, what is 0 + -174162?
-174162
In base 2, what is -11100010000110110010111111 - -100?
-11100010000110110010111011
In base 14, what is 517 + -5a4a?
-5533
In base 9, what is -58 - -1104346?
1104277
In base 5, what is 1 + 403121432142?
403121432143
In base 15, what is c1b65cc - 3?
c1b65c9
In base 14, what is 5d + d7017?
d7076
In base 8, what is -15 - -274107130?
274107113
In base 11, what is -3a476596 + 3?
-3a476593
In base 13, what is -113c + 11103?
cc94
In base 4, what is 21212122303300 + -1?
21212122303233
In base 5, what is -10234030121 - -2?
-10234030114
In base 10, what is -4 + 137019?
137015
In base 10, what is -8140 + -3189?
-11329
In base 4, what is 2310100320 + 2311?
2310103231
In base 16, what is 12ac7c - -f9?
12ad75
In base 9, what is 25612 + -1034?
24567
In base 2, what is 11001001011011011010011010 + 11?
11001001011011011010011101
In base 5, what is 1202 - -120101?
121303
In base 16, what is 414c + -41d?
3d2f
In base 2, what is 100111001100011110 - 11000100?
100111001001011010
In base 6, what is 24412442104 + 5?
24412442113
In base 4, what is 2303121 - 2031033?
212022
In base 5, what is 4 + -11313112440?
-11313112431
In base 4, what is 33000303 - -1002213?
100003122
In base 12, what is 94915 - 235?
946a0
In base 12, what is 143 - -779509?
779650
In base 2, what is 101000110000011101000 + -10?
101000110000011100110
In base 3, what is 1202111101 + -1110001?
1201001100
In base 11, what is 282a92a4 + -4?
282a92a0
In base 4, what is -2300023333 - 1?
-2300030000
In base 2, what is 1 - 11010001000110110110111?
-11010001000110110110110
In base 11, what is -1224909 - 21?
-122492a
In base 2, what is -1100001011011 - -100100001?
-1011100111010
In base 15, what is 43be25e + 5?
43be264
In base 11, what is 3771a92 - -45?
3772027
In base 7, what is -112 - 210143?
-210255
In base 4, what is -10012101231103 - 0?
-10012101231103
In base 5, what is 42242321102 + -2?
42242321100
In base 7, what is 21 - 560251632?
-560251611
In base 15, what is -7c - 722?
-79e
In base 16, what is 16 - -581ca?
581e0
In base 14, what is b883 - -169?
ba0c
In base 8, what is 215730625 + -1?
215730624
In base 7, what is 2 - 3342642?
-3342640
In base 2, what is 11110100111100101100100110 + -100?
11110100111100101100100010
In base 3, what is 2010200120221 + 100100?
2010200221021
In base 16, what is 3fe + -3b0c?
-370e
In base 5, what is 4413420324 - -10?
4413420334
In base 12, what is 192009 - -8b?
192098
In base 12, what is -67a - -432?
-248
In base 15, what is 37 - 1ca81b?
-1ca7d4
In base 5, what is 43302313 + 0?
43302313
In base 3, what is 1200211202200121 - 101?
1200211202200020
In base 16, what is 87 - 2fee2?
-2fe5b
In base 11, what is -2 + 10a5686?
10a5684
In base 11, what is -1617 - -86814?
851a8
In base 7, what is 15 - -2451035?
2451053
In base 10, what is 1615356 + -5?
1615351
In base 6, what is -1 - -101404031?
101404030
In base 10, what is 1201197 + -2?
1201195
In base 13, what is -231039 - c?
-231048
In base 8, what is -2172372535 - 3?
-2172372540
In base 11, what is -132a274 + -5?
-132a279
In base 12, what is 15 + -18259?
-18244
In base 14, what is 681 - 7b78?
-74d7
In base 9, what is -1534 - -58828?
57284
In base 11, what is 13935242a + 4?
139352433
In base 10, what is 101 + 2803789?
2803890
In base 6, what is -120 - -34405032?
34404512
In base 15, what is 14e + -1d66?
-1c17
In base 15, what is -3a - -35c04?
35bb9
In base 4, what is -2000233003 + 223310?
-2000003033
In base 11, what is -119 + -27a1a2?
-27a310
In base 9, what is -23178755 - 13?
-23178768
In base 5, what is 11034 - 1012214?
-1001130
In base 2, what is -10111000000100101011011111 + -1101?
-10111000000100101011101100
In base 4, what is -21202122220000 - 1?
-21202122220001
In base 10, what is -1476907 + 2?
-1476905
In base 6, what is 150133 + -11524?
134205
In base 13, what is 1249a52 + 1?
1249a53
In base 9, what is 873314 - -4?
873318
In base 4, what is -2031 + -1231311331?
-1231320022
In base 15, what is 6b80 + -ae1?
608e
In base 13, what is 171cc5 + 2?
171cc7
In base 13, what is 1951a33 + 2?
1951a35
In base 13, what is -1a8abc - -4?
-1a8ab8
In base 13, what is 18491c + -457?
184495
In base 7, what is -66 - -141026?
140630
In base 6, what is 12335215 + 0?
12335215
In base 15, what is -11 - -2c5176?
2c5165
In base 5, what is 33 - 43130104?
-43130021
In base 3, what is -10 - 20100121112000221?
-20100121112001001
In base 5, what is 10 + 1113314143?
1113314203
In base 8, what is -5 + -750354?
-750361
In base 12, what is 5331 - 4324?
1009
In base 12, what is -2531a - 104?
-25422
In base 9, what is 13628 + -4145?
8473
In base 10, what is -2537 + -2846?
-5383
In base 6, what is -45122 - 3535?
-53101
In base 6, what is 2434300514 - -15?
2434300533
In base 9, what is 3345565 + 32?
3345607
In base 6, what is -1 - 22300550?
-22300551
In base 16, what is -3537 + -5d?
-3594
In base 16, what is -5a6 + 9b0e?
9568
In base 10, what is -4 + -307001994?
-307001998
In base 7, what is -10566464 + 260?
-10566204
In base 16, what is -11bfe1e - 4?
-11bfe22
In base 10, what is 0 + 25750811?
25750811
In base 12, what is -2a2b576 - 5b?
-2a2b615
In base 8, what is 0 - -1500306017?
1500306017
In base 14, what is -1 + -109db991?
-109db992
In base 2, what is 1000010000100110010110001010 - 10?
1000010000100110010110001000
In base 15, what is -45511 - 38?
-45549
In base 7, what is 15 - -533403?
533421
In base 11, what is -1 - 449433a?
-4494340
In base 6, what is 0 - 23220401323?
-23220401323
In base 9, what is 144 + -200771?
-200626
In base 13, what is 4b - 30b396?
-30b348
In base 10, what is -5 - -429109?
429104
In base 2, what is 10111101101 + 100111111010010010?
101000010001111111
In base 14, what is -12 - 23cdc1?
-23cdd3
In base 15, what is -4 - e61d381?
-e61d385
In base 13, what is 17 - 2b215b?
-2b2144
In base 10, what is -173 - -266826?
266653
In base 5, what is -143333 - -4043322?
3344434
In base 3, what is 11110121220021 - 111221?
11110121101100
In base 3, what is -1012102002011202000 + -12?
-1012102002011202012
In base 3, what is 22212111102 - -2000?
22212120102
In base 3, what is -100000 - 11201100020?
-11201200020
In base 9, what is 135755431 - -2?
135755433
In base 16, what is 3 + 86c177?
86c17a
In base 7, what is -6615513 + -603?
-6616416
In base 10, what is 199 + -205972?
-205773
In base 7, what is -262553 - 5121?
-301004
In base 11, what is 18 + 4747534?
4747551
In base 13, what is 1c - -a29c8?
a2a17
In base 11, what is 4 - -4435398?
44353a1
In base 2, what is -1010111 + -1101111101001101?
-1101111110100100
In base 7, what is -332524 + -245?
-333102
In base 9, what is -260073147 - 4?
-260073152
In base 16, what is 4de68cb - -5?
4de68d0
In base 14, what is -3496 - -291?
-3205
In base 5, what is 10 + 10134231402?
10134231412
In base 13, what is 7a83 - -70b?
8491
In base 8, what is -10104732 + 50?
-10104662
In base 4, what is 11130230 + -3112133?
2012031
In base 6, what is 103052 + 202?
103254
In base 9, what is -16 + -31552075?
-31552102
In base 2, what is 111010011001010 - 1001000?
111010010000010
In base 15, what is -4 + -30082ae?
-30082b3
In base 14, what is -907b86 + 4?
-907b82
In base 8, what is 102106 - -50?
102156
In base 2, what is 10000100010 - -1110011011110001?
1110101100010011
In base 13, what is 3 + -27070b4?
-27070b1
In base 16, what is bd5 - 31c?
8b9
In base 13, what is -307925 - -6?
-30791c
In base 14, what is 5995 + 1331?
6cc6
In base 14, what is 6 + 10c28511?
10c28517
In base 11, what is -1 - 153a12031?
-153a12032
In base 2, what is 101101100 - -110000101010101101110?
110000101011011011010
In base 2, what is 1111111 - -10111000011111010?
10111000101111001
In base 2, what is -100110100010111001 - -110101?
-100110100010000100
In base 16, what is -9a75 + 1ae2?
-7f93
In base 15, what is 3c7c - -ae7b?
ec08
In base 13, what is -14922a5 - 40?
-1492315
In base 11, what is 6 + -a54720?
-a54715
In base 13, what is -4 + 4c5123b?
4c51237
In base 16, what is 2 - -86caa9c?
86caa9e
In base 15, what is -a + -1670ede?
-1670ee9
In base 4, what is -31 + 2131330313?
2131330222
In base 11, what is 